 29*f + 200. What is the thousands digit of q(8)?
0
Let k = -14241 - -21769. What is the thousands digit of k?
7
Let a(o) = -2*o**3 + 10*o**2 + 4*o - 20. Let q be a(5). Suppose 17*g - 3232 - 1562 = q. What is the tens digit of g?
8
Suppose -2*s + d + 129715 = 0, -2*d - 249924 = -5*s + 74361. What is the hundreds digit of s?
8
Let v be (-1)/(2/16*-2) - 2. Suppose -4*o + 744 = 5*m - 1368, -m = -v*o - 414. Suppose -7*k = -3*k - m. What is the units digit of k?
5
Let i be ((-15)/(-10))/(9/4764). Suppose -5*d + 4090 = -6*z + 7*z, -d = 5*z - i. What is the tens digit of d?
1
Let a(v) = 1274*v - 1636. What is the hundreds digit of a(37)?
5
Let z = -7122 - -14277. Suppose z = -k + 16*k. What is the hundreds digit of k?
4
Let h = -122 - -122. Let r(w) = w**2 + 2*w + 135. What is the units digit of r(h)?
5
Suppose -693*b + 695*b - 12 = 0, o = -b + 10541. What is the hundreds digit of o?
5
Let u = 25409 + -16586. What is the thousands digit of u?
8
Let c be ((-2)/5)/((-592)/(-200) + -3). What is the units digit of 0 - (c + -11)*(-2 + 37)?
5
Let n(b) = -b**2 + 33. Let i = -3 + 3. Let c be n(i). Suppose 5*j = -3*a + 43 + 67, 0 = -2*j + a + c. What is the units digit of j?
9
Let i(m) be the second derivative of m**4/6 - 13*m**2/2 + 40*m. Let y be i(3). Suppose 0 = -y*x + 250 + 1040. What is the units digit of x?
8
Let a = 2 + -3. Let s be (a + 5/10)/(1/(-16)). Suppose 390 = s*t - 354. What is the tens digit of t?
9
Let t(k) = -4*k - 2. Let s be t(-1). What is the tens digit of (788/s)/(6*(-8)/(-96))?
8
Suppose 0 = 2*q - 4*m + 1073 - 6951, 0 = -q - 2*m + 2951. What is the tens digit of q?
4
Suppose 17*r - 192444 + 176840 = 332403. What is the thousands digit of r?
0
Let s = -9502 + 23894. What is the ten thousands digit of s?
1
What is the hundreds digit of (-7)/((-98)/83240) - (-4)/14?
9
Suppose -1931825 = -33*a - a - 49*a. What is the units digit of a?
5
Let p = -106 - 49. Let b = p + 353. What is the tens digit of b?
9
Suppose 22*d - b = 24*d - 55447, 4*d + b = 110889. What is the hundreds digit of d?
7
Suppose 205*w - 1939 = 204*w. Let n = w - 829. Suppose 0 = -2*s + 8*s - n. What is the tens digit of s?
8
What is the hundreds digit of (-7 + 5929/(-35))/((-12)/900)?
2
Let z be 23 - (210/(-75) - (-2)/(-10)). Suppose 174 = 4*w + z. What is the units digit of w?
7
Suppose 56 = 14*o + 14. Suppose u = o*v + 640, 3219 = 5*u + 6*v - 2*v. What is the hundreds digit of u?
6
Let o(h) = 814*h**2 - 325*h + 1315. What is the units digit of o(4)?
9
Suppose -4*g + 5*a = -2880, -3*g + 4*g - 4*a - 731 = 0. Let h = -539 + g. What is the units digit of h?
6
Let f be -2 - 3/(9/(-15)). Suppose -2*j + 5*j + 1605 = f*b, -4*b + 2*j = -2148. What is the tens digit of b?
3
Let v(m) = -5*m**3 - 34*m**2 + 26*m + 15. Let l(n) = -14*n**3 - 100*n**2 + 77*n + 46. Let p(f) = 3*l(f) - 8*v(f). What is the hundreds digit of p(-15)?
1
Suppose 19*w + 56*w = -45*w + 3240. What is the tens digit of w?
2
Let k(w) = -13*w + 52. Let m(q) = -2*q + 1. Let b(u) = k(u) + 5*m(u). What is the tens digit of b(-10)?
8
Suppose -4*n + 9 = -n. Let c be (-2897)/(-4) - (-21)/28. Suppose -5*k = n*x - c, 0*k - 4*k = -5*x - 580. What is the tens digit of k?
4
Suppose 3*l = -3*k + 50151, -4*l = 17 - 21. What is the hundreds digit of k?
7
Suppose 3*p - 195 - 72 = 3*y, -y - 457 = -5*p. What is the units digit of p - (6/6)/((-2)/(-6))?
9
Suppose -20*o + 17*o = -63*o + 194340. What is the tens digit of o?
3
Let y(s) = s**3 - 13*s**2 - 12*s - 5. Let p be y(14). What is the tens digit of -354*(-4 + p/6)?
5
Suppose -t = -83*b + 81*b + 22889, t + 34333 = 3*b. What is the ten thousands digit of b?
1
Let n(g) = -14*g**3 + 148*g**2 - 14*g - 198. Let t(h) = 5*h**3 - 49*h**2 + 5*h + 66. Let m(f) = -4*n(f) - 11*t(f). What is the tens digit of m(53)?
1
What is the thousands digit of (-76)/114 + (1517700/9)/5?
3
Suppose -4*c + 97 = -23. Suppose 10*u = 13*u - c. Suppose 41 = w - u. What is the tens digit of w?
5
Let n(s) = -2*s**2 + 19*s + 13. Let m be n(10). Suppose 3*j = x - 443, -x - 2*j + 1758 = m*x. What is the units digit of x?
0
Let o(j) = -j**3 - j. Let i(r) = r**3 - 8*r**2 + 5*r - 2. Let h(w) = i(w) - o(w). Let l be 9 - 1/((-6)/(-24)). What is the tens digit of h(l)?
7
Let f(a) = a**2 - 28*a - 200. Let c be f(-6). Suppose -18*n + 509 = -16*n + 5*b, c*n = -2*b + 1042. What is the units digit of n?
2
Let l be (5 + -10)*510/(-75). Let a = -42 + 67. Suppose 0 = p - l - a. What is the units digit of p?
9
Let l(y) = -y**2 - 6*y - 15. Let f(i) = 2*i**2 + 12*i + 31. Let t(h) = 6*f(h) + 11*l(h). Let c be (-15)/((-1)/3*-3). What is the hundreds digit of t(c)?
1
Suppose 3*b - 254560 = -4*k, -43*k + 254560 = -39*k - 2*b. What is the tens digit of k?
4
Let q be 21/(-9)*(7 + -6 + -343). Let x = -250 + q. What is the hundreds digit of x?
5
Let q(c) = -c**3 + 71*c**2 + 48*c - 234. What is the thousands digit of q(70)?
8
Suppose 1537 = 8*z - 9055. What is the tens digit of z?
2
Let i(a) = 53*a + 11. Let j be i(7). Suppose 4*k = q - 375, 2*q - 3*q + j = 3*k. Let v = q + -222. What is the tens digit of v?
5
Suppose 5*f - 2379 = 1101. Let c = f - 344. Suppose 2*v = -2*h + 322, -3*v + 125 = -3*h - c. What is the tens digit of v?
6
Suppose -20*h + 82 = -18. Suppose -3*j - h*x + 1909 = 0, -2*j + 1278 = -3*x + 5*x. What is the units digit of j?
3
Let i = 115 - 46. Let l = 369 - i. What is the tens digit of l?
0
What is the units digit of ((-156280)/(-12) + 2)/(28/42)?
8
Let p(i) = -i**2 + 15*i + 4. Let o be p(13). Suppose o*r = 7698 + 1722. What is the tens digit of r?
1
Let x(t) = -2*t**2 - 10*t + 19. Let u be x(-6). Suppose -2019 - 5625 = -u*p. What is the units digit of p?
2
What is the thousands digit of (104/884)/((-8)/(-34))*27620?
3
Suppose -5*t = -m + 7032, 5*t - 30133 = -4*m - 1905. What is the hundreds digit of m?
0
Let k(z) = 4*z**2 + 40*z - 1106. What is the hundreds digit of k(38)?
1
Suppose 2*r - 8*r - 10589 = -7*r. What is the hundreds digit of r?
5
Suppose -4*s = 25 - 365. Let u be 2/(2/1) - s. Let b = u + 121. What is the units digit of b?
7
Let d(u) = u**3 - 6*u**2 - u + 6. Let h be d(6). Let c(r) = -1. Let q(t) = t - 63. Let i(j) = -2*c(j) - q(j). What is the tens digit of i(h)?
6
Let q(d) = 37695*d**2 - 227*d + 227. What is the tens digit of q(1)?
9
Let h be (3/(-12))/(7/(-308)). Suppose -h*n + 1645 = -6484. What is the tens digit of n?
3
Suppose 2*v - 455 = 3*q, -23*v - 241 = -24*v - 3*q. Let c = 403 - v. What is the hundreds digit of c?
1
Suppose -44 + 134 = 10*g. Suppose -g*k - 451 = -7777. What is the tens digit of k?
1
Suppose j = -3, 0 = -4*h + 4*j + 79831 + 45641. What is the ten thousands digit of h?
3
Let p = -841 + 2827. What is the tens digit of p?
8
Suppose -144*a = -123*a - 88767. What is the tens digit of a?
2
Let f = -216 + 221. Suppose -f*p - 2*o + 576 + 2779 = 0, -o - 1351 = -2*p. What is the tens digit of p?
7
Let j be (12 + 423)*(-6)/(-10) + 3. Suppose j - 1866 = -6*t. What is the units digit of t?
7
Suppose 45923 = 5*h - 6*q + 5*q, q - 18379 = -2*h. What is the tens digit of h?
8
Let k be ((-28)/21)/((-4)/114). Suppose 5*v = 7*v + 8094. What is the units digit of 2/(-3)*v/k?
1
Let u(h) = h**2 + 7*h + 8. Let a be u(-8). Let m = a - 26. What is the units digit of 5/m + (-77)/(-2)?
8
Let l be 2/(-1) + (-18)/(-3). Suppose -4*c + 530 + 98 = -l*k, 0 = -2*c + 5*k + 323. What is the tens digit of c?
5
Suppose 6*x - 3*x = 6. What is the units digit of (x + 2445/(-10))*16/(-10)?
8
Let b(s) = s**3 + 4*s**2 + 9*s + 5. Let o be b(-6). Let k = -109 - o. What is the units digit of k?
2
What is the tens digit of (-4)/6 + 200/3?
6
Suppose 0 = 5*s + 5*j - 1135, -3*s + j + 651 = -2*j. Let g = 641 - s. What is the units digit of g?
9
Let d = -3070 + 3141. Suppose 5*k - 4*k + 1413 = 5*i, 5*i = 2*k + 1416. Suppose d*j = 74*j - i. What is the tens digit of j?
9
Let l(j) be the first derivative of -j**2/2 + 6*j + 13. Let k be l(5). What is the tens digit of (9*5 + k)*(-3)/(-2)?
6
Let a = 0 - -4. Let x = -1099 - -1167. Suppose -x = -z - 4*g + g, -5*z + a*g = -264. What is the tens digit of z?
5
Let u = 3725 + 613. What is the thousands digit of u?
4
Let a(c) be the third derivative of -3*c**5/8 + c**4/4 + 23*c**3/6 - 14*c**2. Let f(t) be the first derivative of a(t). What is the hundreds digit of f(-3)?
1
Suppose 48094 = t +